-11*z + 22*z - 77 = 0. Suppose -9*y = -z*y - 1674. List the prime factors of y.
3, 31
Let a(g) = 17*g**2 - 22*g + 122. Suppose 0 = 5*w - 25, 22*i + 34 = 24*i + 4*w. What are the prime factors of a(i)?
3, 89
Let j(c) be the first derivative of c**2/2 - 5*c - 6. Let k be j(7). Suppose -4*l - k - 28 = -m, -m + l = -36. What are the prime factors of m?
2, 19
Let y(p) = -3*p + 38. Let a be y(11). Suppose a = m + 5. Suppose m = 2*c - 2*l - 280, -5*c - 91 + 751 = 5*l. What are the prime factors of c?
2, 17
Let x = 28498 + -14322. What are the prime factors of x?
2, 443
Suppose 0 = 2*y + 31*y + 14223. Let k = y - -461. List the prime factors of k.
2, 3, 5
Suppose 0 = x - 0 - 8. Suppose 5*k - 3*h = 64, 0*h - 13 = -2*k - 3*h. Suppose -x*c = -29 - k. What are the prime factors of c?
5
Let p = 3178 - 1932. Let x = -7779 + 7781. Suppose -x*n + p = 5*n. List the prime factors of n.
2, 89
Let s(g) = 7*g**2 + 7*g - 6. Let h(b) = -5*b**2 - 5*b + 4. Let l = -53 - -48. Let p(i) = l*s(i) - 8*h(i). What are the prime factors of p(3)?
2, 29
Suppose c = 2*h - 10, 5*h = -c - 0*h - 3. Let q(s) = 7*s**2 + 15*s + 159. What are the prime factors of q(c)?
487
Let h(k) = k**3 + 17*k**2 + 22*k - 32. Suppose 0 = 5*i + c + 66, -i + 7*c - 11 = 5*c. List the prime factors of h(i).
2, 179
Let g be (-5)/(25/2) + 291/15. Suppose -g = -5*t + 1. Suppose t*n = 3*q + 320, 0 = 5*n - q - 2*q - 400. What are the prime factors of n?
2, 5
Let w(y) = 47*y**2 - 4*y + 8. Let z be w(4). Suppose z = 4*p - 456. List the prime factors of p.
2, 3, 5
Suppose -77*p + 442342 + 1133386 = 0. What are the prime factors of p?
2, 1279
Let k = -41 - -76. List the prime factors of (-60)/k + (-4)/14 + 224.
2, 3, 37
Let g = -56 - -23. Let x = -21 + g. Let j = 56 + x. List the prime factors of j.
2
Let u be (-3 + 0)/((-8)/(128/12)). Suppose g + 7 = u. List the prime factors of 35*4/(-6)*(g - 6).
2, 3, 5, 7
Let g(s) = -s**2 + 169*s - 2283. List the prime factors of g(15).
3
Suppose 0 = 58*m + 70 - 173 - 129. Suppose 0 = -x + 2*x. Suppose 3*j = 5*t - 170, x = -t + m*j + 16 + 18. List the prime factors of t.
2, 17
Let z(q) = -q**2 + 7*q - 468. Let f be z(0). Let d be f/10*(-50)/15. Suppose 4*l - d = 3*l. What are the prime factors of l?
2, 3, 13
Suppose 118*x - 3769853 + 59275 = 9*x. List the prime factors of x.
2, 17021
Let t be (1 + 334)/5 - 6/2. Suppose 3*m - 6*m - 2*j = -97, 2*j = -2*m + t. What are the prime factors of m?
3, 11
Suppose -11*x + 20 = -46. Let h be x*(0 + (-1)/(-3)). Suppose -609 = -5*u - h*c, 0*u + 4*u - 489 = -c. What are the prime factors of u?
3, 41
Let v(m) = -24*m**2 - 6*m + 5. Let q(h) = 48*h**2 + 12*h - 12. Let w(j) = -6*q(j) - 13*v(j). List the prime factors of w(4).
5, 83
Suppose -33*q + 412159 = -950230 - 202669. What are the prime factors of q?
2, 23, 1031
Let c(j) = -7*j + 55. Let q be c(7). Let k be q/8 - 9/12. Suppose -3*b = -3, 2*b = -k*z - 4*z + 422. What are the prime factors of z?
3, 5, 7
Let x be (-40)/8 - (-27)/3. Suppose -o - 51 + 688 = -x*r, r + 2473 = 4*o. What are the prime factors of o?
617
Suppose 320737 + 240203 = 2*h + 10*h. List the prime factors of h.
5, 9349
Suppose 5*k - 4 = -4. Let f(q) = q**2 - 2*q**2 + 0*q - 2*q + 0*q + 29. What are the prime factors of f(k)?
29
Suppose -y + 4*y - 3*z + 69 = 0, -z = 5*y + 115. Let h(q) = -4*q**2 - 114*q - 45. What are the prime factors of h(y)?
461
Suppose -68*t + 63*t + 145 = 0. Let y = -33 + t. What are the prime factors of (-201)/y - 21/84?
2, 5
Suppose 2*p = 4*n + 252, -11*n = 4*p - 8*n - 515. Suppose p*c = 138*c - 2860. What are the prime factors of c?
2, 11, 13
Suppose 0*h = -5*h + 10, 2*g - 5*h + 4 = 0. Let v(x) = 20*x**3 - 3*x**2 + 2*x + 2. What are the prime factors of v(g)?
521
Suppose -x = -2, 3*x + 2 - 10 = -2*a. Let h = a + -183. Let k = -68 - h. What are the prime factors of k?
2, 3, 19
Suppose r = 7, 0 = -j + 32*r - 29*r + 5704. List the prime factors of j.
5, 229
Suppose 83*c - 30 = 7*c + 46. Let j be (1086/4)/((-5)/10). List the prime factors of (0 + 5 - j)/(c - -1).
2, 137
Let l(f) be the second derivative of 10*f**4/3 + 5*f**3/3 - 4*f**2 + 27*f - 2. What are the prime factors of l(-4)?
2, 37
What are the prime factors of 9 - (-8722 - (16 + -9))?
2, 17, 257
Let v(r) = -4*r**3 + 7*r**2 - 15*r + 11. Let k(j) = 20*j**3 - 34*j**2 + 75*j - 54. Let l(z) = -2*k(z) - 11*v(z). List the prime factors of l(5).
337
Let z = -1311 - -2250. List the prime factors of z.
3, 313
Let y(p) = p - 3. Let w be y(5). Let c be 8/(-36)*6*3 - 2. List the prime factors of (-1 - c - w) + 17.
2, 5
Suppose -2*k - 3*t = 61, 10*t = 3*k + 8*t + 124. Let z = k - -41. List the prime factors of z.
3
Let x be 33 + 3 + 4 + -8. Let b = 35 - x. Suppose 3*h - 39 = -3*z, -2*h = -b*z - 8 + 2. List the prime factors of h.
3
Suppose 0 = 4*w - 0 - 16. Suppose -y = 1, r + w*r - 3*y = 4308. List the prime factors of (-2)/3 + r/9.
5, 19
Suppose -79890 = -21*h + 19522 + 18650. List the prime factors of h.
2, 3, 937
Let a = 10932 - -4235. List the prime factors of a.
29, 523
Let t(z) = -128*z**3 - 4*z**2 + 3. Let m = -202 - -201. What are the prime factors of t(m)?
127
Let y be (-15)/10*(-4)/2. Let d(b) = 2*b**2 - 4*b - 4. Let k be d(y). What are the prime factors of (k - 3) + (-4 - -33)?
2, 7
Suppose -3*u - 55 = -5*b, 4*b - 15*u - 27 = -16*u. Suppose -4*r + 1047 = 5*n, b*n + r = 6*n + 417. List the prime factors of n.
3, 23
Suppose 1 + 0 = -n, -2*f = -5*n - 395. Let v = -1562 + 1565. Suppose -2*m = v*m - f. What are the prime factors of m?
3, 13
Let m = -5983 + 3195. What are the prime factors of (m + 0)*(-2 + 3/2)?
2, 17, 41
Let g = -48 + 3. Let q = 36 + g. What are the prime factors of (18/12)/(q/(-12)) - -106?
2, 3
Let q(o) = -1057*o - 889. List the prime factors of q(-21).
2, 7, 761
Let r(p) = p**2 + 2*p - 7. Let q be r(-5). Suppose v - q = -86. Let j = 109 + v. What are the prime factors of j?
31
Let w(z) = 16*z**2 - 48*z - 1497. List the prime factors of w(51).
3, 29, 433
Let h(u) = u**3 + 8*u**2 + 4*u + 7. Let a be h(-7). Suppose 0 = 9*t - a - 152. What are the prime factors of (-99)/(-22)*t/3?
2, 3, 5
Suppose 0 = 3*j - 4*i + 1042, -5*i = -3*j - 215 - 831. Let m = j + 581. List the prime factors of m.
239
Let x = -6253 - -11120. What are the prime factors of x?
31, 157
Suppose -121*n + 120*n - 4478 = -4*m, 5590 = 5*m - 5*n. What are the prime factors of m?
2, 5, 7
Let q(y) = 3*y**2 + 2*y - 3. Let g be q(1). Suppose b - g*h = 53, -236 = -4*b + 2*h - 0*h. Let t = -11 + b. What are the prime factors of t?
2, 5
Suppose 19*t - 34 = 42. Suppose 4*n - 246 = 3*n - t*y, -y = -4. List the prime factors of n.
2, 5, 23
List the prime factors of 2425*5/(275/242).
2, 5, 11, 97
Let i = 12 + -7. Let d(c) = -c + 6. Let a be d(3). Suppose 0*z - a*z - 5*x = -318, 0 = i*z - 3*x - 496. What are the prime factors of z?
101
Let g(j) = 89*j**2 - 39*j - 150. What are the prime factors of g(-4)?
2, 5, 11, 13
Suppose -58*t + 54*t - 14461 = -5*n, -4*n - 5*t = -11536. List the prime factors of n.
3, 107
Let r = 326 - 324. Suppose -734 = -4*h + r*h - 4*o, -2*h - 2*o = -742. What are the prime factors of h?
3, 5
Let i(g) = 32*g - 52. Let j be i(2). Suppose -2649 - 3723 = -j*t. What are the prime factors of t?
3, 59
Let q = -114 + 77. Let u = q - -36. What are the prime factors of u*4 - (-2 - 73)?
71
Suppose -7*v + 3*v + 5*b = 224, -5*v + b - 301 = 0. Let j = -24 - v. Let l = 1 + j. List the prime factors of l.
2, 19
Let d(z) = -5*z - 404. Let i be d(0). Let p = -151 - i. List the prime factors of p.
11, 23
Suppose -341*y + 5880411 + 953010 = -104*y. What are the prime factors of y?
3, 7, 1373
Suppose -10*f + 301 = -229. Suppose -2*z = -f - 43. Suppose 0 = -4*q + z + 48. List the prime factors of q.
2, 3
Suppose -30 = -b - 14. Suppose -3*z - 4 = -b. Suppose 2*r - 3*n = -2*n + 4, 0 = 5*r + z*n - 23. List the prime factors of r.
3
Suppose 0*y = 6*y - 18. Suppose 5*i + 2111 = 2*s + s, 0 = -y*s - 3*i + 2103. What are the prime factors of s?
2, 3, 13
Suppose 0 = 15*c + 4688 - 29357 - 15846. List the prime factors of c.
37, 73
Let l(c) = 13 - 395*c + 105*c - 11 - 3. Let t be l(1). Let r = -154 - t. List the prime factors of r.
137
Let m(q) = -q**2 + 2*q + 91. Let c be m(-6). Suppose c*j - 17*j - 17576 = 0. What are the prime factors of j?
2, 13
Let l be 6/(-2) - (-13411 - (-9 - -1)).